{"id":2784,"date":"2024-10-18T19:01:05","date_gmt":"2024-10-18T19:01:05","guid":{"rendered":"https:\/\/nowoczesnalaryngologia.pl\/?page_id=2784"},"modified":"2024-10-18T19:01:05","modified_gmt":"2024-10-18T19:01:05","slug":"augustyn-2","status":"publish","type":"page","link":"https:\/\/nowoczesnalaryngologia.pl\/?page_id=2784","title":{"rendered":"Augustyn"},"content":{"rendered":"<div class=\"fusion-fullwidth fullwidth-box fusion-builder-row-1 fusion-flex-container has-pattern-background has-mask-background nonhundred-percent-fullwidth non-hundred-percent-height-scrolling\" style=\"--awb-border-radius-top-left:0px;--awb-border-radius-top-right:0px;--awb-border-radius-bottom-right:0px;--awb-border-radius-bottom-left:0px;--awb-flex-wrap:wrap;\" ><div class=\"fusion-builder-row fusion-row fusion-flex-align-items-flex-start fusion-flex-content-wrap\" style=\"max-width:1331.2px;margin-left: calc(-4% \/ 2 );margin-right: calc(-4% \/ 2 );\"><div class=\"fusion-layout-column fusion_builder_column fusion-builder-column-0 fusion_builder_column_1_3 1_3 fusion-flex-column\" style=\"--awb-bg-size:cover;--awb-width-large:33.333333333333%;--awb-margin-top-large:10px;--awb-spacing-right-large:5.76%;--awb-margin-bottom-large:10px;--awb-spacing-left-large:5.76%;--awb-width-medium:100%;--awb-order-medium:0;--awb-spacing-right-medium:1.92%;--awb-spacing-left-medium:1.92%;--awb-width-small:100%;--awb-order-small:0;--awb-spacing-right-small:1.92%;--awb-spacing-left-small:1.92%;\"><div class=\"fusion-column-wrapper fusion-column-has-shadow fusion-flex-justify-content-flex-start fusion-content-layout-column\"><div class=\"fusion-person person fusion-person-left fusion-person-1 fusion-person-icon-bottom\" style=\"--awb-pic-style-color:var(--awb-color8);--awb-pic-borderradius:0px;--awb-margin-top:0px;--awb-margin-right:0px;--awb-margin-bottom:0px;--awb-margin-left:0px;--awb-social-box-border-top:0px;--awb-social-box-border-right:0px;--awb-social-box-border-bottom:0px;--awb-social-box-border-left:0px;--awb-social-box-border-color:var(--awb-color3);--awb-social-box-border-color-hover:var(--awb-color4);--awb-social-box-colors-hover:hsla(var(--awb-color1-h),var(--awb-color1-s),var(--awb-color1-l),calc(var(--awb-color1-a) - 25%));--awb-social-icon-boxed-colors:var(--awb-color1);--awb-social-icon-colors:var(--awb-color6);--awb-social-icon-colors-hover:hsla(var(--awb-color6-h),var(--awb-color6-s),var(--awb-color6-l),calc(var(--awb-color6-a) - 25%));\"><div class=\"person-shortcode-image-wrapper\"><div class=\"person-image-container hover-type-none\" style=\"border:0px solid var(--awb-color3);-webkit-border-radius:0px;-moz-border-radius:0px;border-radius:0px;\"><img decoding=\"async\" class=\"lazyload person-img img-responsive wp-image-2783\" width=\"300\" height=\"300\" src=\"https:\/\/nowoczesnalaryngologia.pl\/wp-content\/uploads\/2024\/10\/augustyn.jpg\" data-orig-src=\"http:\/\/nowoczesnalaryngologia.pl\/wp-content\/uploads\/2024\/10\/augustyn.jpg\" alt=\"Monika Augustyn\" srcset=\"data:image\/svg+xml,%3Csvg%20xmlns%3D%27http%3A%2F%2Fwww.w3.org%2F2000%2Fsvg%27%20width%3D%27300%27%20height%3D%27300%27%20viewBox%3D%270%200%20300%20300%27%3E%3Crect%20width%3D%27300%27%20height%3D%27300%27%20fill-opacity%3D%220%22%2F%3E%3C%2Fsvg%3E\" data-srcset=\"https:\/\/nowoczesnalaryngologia.pl\/wp-content\/uploads\/2024\/10\/augustyn-200x200.jpg 200w, https:\/\/nowoczesnalaryngologia.pl\/wp-content\/uploads\/2024\/10\/augustyn.jpg 300w\" data-sizes=\"auto\" data-orig-sizes=\"(max-width: 1024px) 100vw, (max-width: 640px) 100vw, 300px\" \/><\/div><\/div><div class=\"person-desc\" style=\"background-color:var(--awb-color1);padding:40px;margin-top:0;\"><div class=\"person-author\"><div class=\"person-author-wrapper\"><span class=\"person-name\">Monika Augustyn<\/span><span class=\"person-title\">lek.<\/span><\/div><\/div><div class=\"person-content fusion-clearfix\">Wyk\u0142adowca<\/div><\/div><\/div><\/div><\/div><div class=\"fusion-layout-column fusion_builder_column fusion-builder-column-1 fusion_builder_column_2_3 2_3 fusion-flex-column\" style=\"--awb-bg-size:cover;--awb-width-large:66.666666666667%;--awb-margin-top-large:10px;--awb-spacing-right-large:2.88%;--awb-margin-bottom-large:10px;--awb-spacing-left-large:2.88%;--awb-width-medium:100%;--awb-order-medium:0;--awb-spacing-right-medium:1.92%;--awb-spacing-left-medium:1.92%;--awb-width-small:100%;--awb-order-small:0;--awb-spacing-right-small:1.92%;--awb-spacing-left-small:1.92%;\"><div class=\"fusion-column-wrapper fusion-column-has-shadow fusion-flex-justify-content-flex-start fusion-content-layout-column\"><div class=\"fusion-text fusion-text-1\"><p>W trakcie specjalizacji z Audiologii i Foniatrii.<\/p>\n<p>Na co dzie\u0144 pracuje jako m\u0142odszy asystent w Klinice Otolaryngologii, Chirurgii G\u0142owy i Szyi Uniwersyteckiego Szpitala Klinicznego we Wroc\u0142awiu. Absolwentka wydzia\u0142u lekarskiego na Uniwersytecie Medycznym im. Piast\u00f3w \u015al\u0105skich we Wroc\u0142awiu.<\/p>\n<p>Podczas studi\u00f3w odby\u0142a sta\u017ce z zakresu chirurgii oraz dermatologii we W\u0142oszech i Maroku oraz reprezentowa\u0142a Wroc\u0142awski Uniwersytet Medyczny na wielu zagranicznych konferencjach,\u00a0<a href=\"http:\/\/m.in\/\" target=\"_blank\" rel=\"noopener\" data-saferedirecturl=\"https:\/\/www.google.com\/url?q=http:\/\/m.in&amp;source=gmail&amp;ust=1729178879388000&amp;usg=AOvVaw3ErKmWG4YM_-uv0cpZL_vI\">m.in<\/a>\u00a0w Austrii czy Tanzanii.<\/p>\n<p>Obecnie skupia si\u0119 na rozwijaniu chirurgicznych umiej\u0119tno\u015bci poprzez uczestnictwo w kursach i codzienn\u0105 praktyk\u0119.<\/p>\n<p>Sw\u00f3j wolny czas po\u015bwi\u0119ca sportowi oraz podr\u00f3\u017com.<\/p>\n<\/div><\/div><\/div><\/div><\/div>\n","protected":false},"excerpt":{"rendered":"","protected":false},"author":1,"featured_media":0,"parent":0,"menu_order":0,"comment_status":"closed","ping_status":"closed","template":"","meta":{"footnotes":""},"class_list":["post-2784","page","type-page","status-publish","hentry"],"_links":{"self":[{"href":"https:\/\/nowoczesnalaryngologia.pl\/index.php?rest_route=\/wp\/v2\/pages\/2784","targetHints":{"allow":["GET"]}}],"collection":[{"href":"https:\/\/nowoczesnalaryngologia.pl\/index.php?rest_route=\/wp\/v2\/pages"}],"about":[{"href":"https:\/\/nowoczesnalaryngologia.pl\/index.php?rest_route=\/wp\/v2\/types\/page"}],"author":[{"embeddable":true,"href":"https:\/\/nowoczesnalaryngologia.pl\/index.php?rest_route=\/wp\/v2\/users\/1"}],"replies":[{"embeddable":true,"href":"https:\/\/nowoczesnalaryngologia.pl\/index.php?rest_route=%2Fwp%2Fv2%2Fcomments&post=2784"}],"version-history":[{"count":1,"href":"https:\/\/nowoczesnalaryngologia.pl\/index.php?rest_route=\/wp\/v2\/pages\/2784\/revisions"}],"predecessor-version":[{"id":2786,"href":"https:\/\/nowoczesnalaryngologia.pl\/index.php?rest_route=\/wp\/v2\/pages\/2784\/revisions\/2786"}],"wp:attachment":[{"href":"https:\/\/nowoczesnalaryngologia.pl\/index.php?rest_route=%2Fwp%2Fv2%2Fmedia&parent=2784"}],"curies":[{"name":"wp","href":"https:\/\/api.w.org\/{rel}","templated":true}]}}